
What is the thousands digit of 633912836?
2
What is the thousands digit of 596844836?
4
What is the tens digit of 29431139?
3
What is the hundreds digit of 3034345393?
3
What is the hundreds digit of 53246533?
5
What is the tens digit of 11244011?
1
What is the billions digit of 2955411036?
2
What is the units digit of 304535143?
3
What is the tens digit of 86614179?
7
What is the units digit of 286378507?
7
What is the millions digit of 366635360?
6
What is the thousands digit of 1375483737?
3
What is the hundreds digit of 46778161?
1
What is the ten millions digit of 26057193?
2
What is the ten millions digit of 485508936?
8
What is the ten millions digit of 12024746?
1
What is the thousands digit of 90296383?
6
What is the units digit of 397513044?
4
What is the thousands digit of 159775183?
5
What is the ten thousands digit of 40970248?
7
What is the hundred millions digit of 364188890?
3
What is the ten millions digit of 585701197?
8
What is the ten thousands digit of 746578999?
7
What is the ten thousands digit of 430473100?
7
What is the units digit of 26511583?
3
What is the thousands digit of 410459628?
9
What is the ten millions digit of 1070646656?
7
What is the hundred millions digit of 2329952180?
3
What is the thousands digit of 72189726?
9
What is the tens digit of 902445925?
2
What is the ten thousands digit of 142600290?
0
What is the hundred millions digit of 435415856?
4
What is the hundred thousands digit of 2055394406?
3
What is the ten thousands digit of 21177403?
7
What is the ten thousands digit of 1413463213?
6
What is the millions digit of 51746953?
1
What is the units digit of 2993546995?
5
What is the millions digit of 220554046?
0
What is the ten thousands digit of 32533913?
3
What is the hundred thousands digit of 5366857?
3
What is the hundred thousands digit of 1690763282?
7
What is the millions digit of 2823607002?
3
What is the hundred thousands digit of 1503746767?
7
What is the ten millions digit of 71194115?
7
What is the hundred thousands digit of 23857097?
8
What is the hundred thousands digit of 327796848?
7
What is the thousands digit of 22997652?
7
What is the thousands digit of 42197968?
7
What is the hundreds digit of 204932376?
3
What is the ten thousands digit of 72356646?
5
What is the hundred millions digit of 979033829?
9
What is the hundred millions digit of 874753413?
8
What is the ten millions digit of 73999793?
7
What is the units digit of 7879400?
0
What is the millions digit of 12182131?
2
What is the units digit of 1481157221?
1
What is the hundreds digit of 30288684?
6
What is the thousands digit of 4153979593?
9
What is the millions digit of 425184456?
5
What is the millions digit of 281089341?
1
What is the units digit of 11828443?
3
What is the units digit of 1714928302?
2
What is the thousands digit of 23310451?
0
What is the ten millions digit of 3204529666?
0
What is the ten thousands digit of 741001517?
0
What is the hundred millions digit of 676938387?
6
What is the tens digit of 53675252?
5
What is the hundreds digit of 842454410?
4
What is the ten thousands digit of 70621574?
2
What is the tens digit of 9068969?
6
What is the ten millions digit of 746030565?
4
What is the hundred millions digit of 1201313291?
2
What is the ten millions digit of 8570830924?
7
What is the hundreds digit of 9847139?
1
What is the ten millions digit of 216648084?
1
What is the tens digit of 1363079269?
6
What is the units digit of 14237693?
3
What is the hundreds digit of 2711752438?
4
What is the units digit of 202169341?
1
What is the hundreds digit of 268605078?
0
What is the units digit of 29330794?
4
What is the hundred thousands digit of 94032610?
0
What is the units digit of 339529915?
5
What is the hundreds digit of 174942820?
8
What is the hundreds digit of 27965361?
3
What is the units digit of 256074014?
4
What is the thousands digit of 888833122?
3
What is the ten millions digit of 1167710866?
6
What is the hundreds digit of 608895733?
7
What is the thousands digit of 15996133?
6
What is the tens digit of 106773889?
8
What is the ten thousands digit of 3833297693?
9
What is the hundred millions digit of 123407821?
1
What is the thousands digit of 602307?
2
What is the hundred millions digit of 167666334?
1
What is the billions digit of 1571945039?
1
What is the tens digit of 258993012?
1
What is the hundred thousands digit of 165982608?
9
What is the thousands digit of 465589107?
9
What is the units digit of 774944664?
4
What is the thousands digit of 66064047?
4
What is the thousands digit of 4542232763?
2
What is the millions digit of 2717996298?
7
What is the tens digit of 227928445?
4
What is the ten millions digit of 4014006735?
1
What is the hundreds digit of 1429647036?
0
What is the millions digit of 4958702?
4
What is the millions digit of 27725233?
7
What is the thousands digit of 142926948?
6
What is the hundred millions digit of 115941264?
1
What is the ten millions digit of 775399844?
7
What is the millions digit of 48946305?
8
What is the hundreds digit of 167150973?
9
What is the hundreds digit of 110457494?
4
What is the thousands digit of 3602711547?
1
What is the ten thousands digit of 56895171?
9
What is the ten thousands digit of 24631602?
3
What is the units digit of 1016740173?
3
What is the thousands digit of 2225161831?
1
What is the tens digit of 71076666?
6
What is the hundred thousands digit of 64319957?
3
What is the hundred millions digit of 2092917561?
0
What is the millions digit of 70265130?
0
What is the tens digit of 523285413?
1
What is the thousands digit of 4313444096?
4
What is the ten millions digit of 76922128?
7
What is the hundreds digit of 36136041?
0
What is the hundred thousands digit of 492695528?
6
What is the ten millions digit of 881059330?
8
What is the millions digit of 226738216?
6
What is the ten thousands digit of 995594957?
9
What is the units digit of 255814891?
1
What is the ten millions digit of 221944925?
2
What is the hundred thousands digit of 1399421?
3
What is the hundred thousands digit of 788891989?
8
What is the thousands digit of 19905988?
5
What is the billions digit of 5107774396?
5
What is the ten thousands digit of 93444056?
4
What is the hundreds digit of 38017701?
7
What is the ten thousands digit of 46331914?
3
What is the units digit of 1355067598?
8
What is the ten thousands digit of 91255036?
5
What is the hundred thousands digit of 385072930?
0
What is the ten thousands digit of 377018357?
1
What is the units digit of 19824686?
6
What is the ten thousands digit of 193290906?
9
What is the ten millions digit of 1125813195?
2
What is the millions digit of 465430224?
5
What is the ten millions digit of 880768641?
8
What is the ten thousands digit of 598332661?
3
What is the hundred thousands digit of 938256062?
2
What is the tens digit of 56697172?
7
What is the tens digit of 2229255562?
6
What is the hundreds digit of 35478988?
9
What is the ten thousands digit of 45213395?
1
What is the hundred thousands digit of 36850914?
8
What is the hundred millions digit of 317862882?
3
What is the hundred millions digit of 645059133?
6
What is the ten millions digit of 64618295?
6
What is the millions digit of 7942445?
7
What is the ten thousands digit of 78201837?
0
What is the hundreds digit of 3374235666?
6
What is the hundreds digit of 1151212760?
7
What is the tens digit of 291190619?
1
What is the units digit of 49210944?
4
What is the hundred millions digit of 190920871?
1
What is the thousands digit of 142207908?
7
What is the millions digit of 52076279?
2
What is the millions digit of 464678157?
4
What is the hundreds digit of 389848982?
9
What is the hundreds digit of 366454572?
5
What is the ten millions digit of 5044113969?
4
What is the hundred millions digit of 8944415662?
9
What is the tens digit of 339524138?
3
What is the hundreds digit of 1681972243?
2
What is the hundred millions digit of 661643239?
6
What is the hundred thousands digit of 196375365?
3
What is the billions digit of 5169215528?
5
What is the units digit of 172241132?
2
What is the thousands digit of 256612671?
2
What is the ten millions digit of 2641141591?
4
What is the ten millions digit of 237589067?
3
What is the millions digit